r of 87219666 and 852.
426
Calculate the highest common divisor of 149821819 and 168.
7
Calculate the highest common factor of 1863104 and 1096.
8
Calculate the highest common divisor of 91 and 2658058.
13
Calculate the greatest common divisor of 12 and 25635300.
12
What is the highest common divisor of 435 and 226752363?
87
Calculate the highest common divisor of 175214 and 1821874.
586
Calculate the greatest common factor of 13018 and 2162.
46
Calculate the greatest common divisor of 23890 and 2950.
10
What is the highest common divisor of 8715808 and 128?
32
Calculate the highest common factor of 37 and 785263321.
37
What is the highest common factor of 1233795930 and 7110?
2370
Calculate the highest common divisor of 86953789 and 39.
13
Calculate the greatest common factor of 289 and 3522628514.
289
What is the highest common divisor of 417815156 and 132?
44
What is the greatest common factor of 588105 and 23940?
315
What is the greatest common factor of 465660 and 23490?
90
Calculate the greatest common factor of 573 and 50013732.
573
Calculate the greatest common factor of 904 and 163475066.
226
Calculate the greatest common factor of 29280 and 23924688.
2928
What is the highest common divisor of 21443 and 149404?
41
What is the highest common factor of 6100 and 20504250?
50
What is the greatest common factor of 161202 and 1206?
402
Calculate the greatest common divisor of 1484504 and 50854.
1082
What is the greatest common factor of 129948 and 293046?
1326
What is the highest common divisor of 69638008 and 164?
164
Calculate the highest common factor of 46290 and 7812.
6
What is the highest common divisor of 10751142 and 66?
6
Calculate the greatest common divisor of 11408646 and 102.
6
Calculate the highest common divisor of 7277604 and 108.
12
What is the greatest common divisor of 178 and 338664847?
89
What is the highest common divisor of 16980 and 22980?
60
What is the greatest common factor of 506954 and 10633?
343
What is the greatest common factor of 70 and 75674165?
35
What is the greatest common divisor of 1296863 and 22687?
463
Calculate the highest common divisor of 2914 and 294888058.
2914
Calculate the highest common factor of 927 and 48836214.
927
What is the greatest common divisor of 21376 and 1792244?
668
Calculate the greatest common factor of 11 and 179756577.
11
What is the highest common divisor of 69830891 and 13?
13
What is the highest common divisor of 2 and 1866405?
1
Calculate the highest common factor of 84180 and 35535.
345
What is the highest common factor of 129053 and 34999?
31
What is the highest common factor of 278411498 and 489?
163
What is the greatest common factor of 4615 and 85178132?
923
Calculate the highest common divisor of 16 and 127567568.
16
Calculate the highest common divisor of 25946382 and 29694.
294
What is the highest common factor of 126 and 4589136?
18
Calculate the greatest common divisor of 848480 and 60240.
80
What is the greatest common divisor of 155617 and 8974?
7
What is the highest common divisor of 8788805 and 14987?
2141
Calculate the greatest common factor of 191050 and 237190.
10
What is the highest common divisor of 187012 and 938?
14
What is the highest common factor of 2386524948 and 12?
12
What is the greatest common factor of 463560279 and 273?
273
What is the highest common factor of 4670 and 200066536?
934
Calculate the greatest common divisor of 299878440 and 366.
366
What is the highest common factor of 776 and 215874?
2
Calculate the greatest common factor of 485044 and 1400.
28
Calculate the highest common factor of 812020 and 88.
44
Calculate the greatest common factor of 4120452 and 12516.
84
What is the highest common factor of 390722 and 72064?
1126
Calculate the greatest common divisor of 157976 and 2353078.
1274
What is the greatest common factor of 1440945 and 121?
11
Calculate the greatest common divisor of 988 and 6371248.
52
What is the highest common divisor of 8392 and 196840?
8
Calculate the highest common factor of 776 and 138704.
8
What is the greatest common divisor of 58075 and 11017?
23
Calculate the greatest common factor of 13002 and 3782295.
33
Calculate the greatest common factor of 216 and 28722.
6
What is the greatest common factor of 1001732 and 1520?
4
What is the highest common divisor of 25 and 759250925?
25
What is the highest common factor of 794 and 2218039?
397
Calculate the highest common factor of 6012 and 1586844.
36
What is the greatest common divisor of 8464734 and 306?
18
Calculate the greatest common factor of 16216658 and 19840.
62
What is the highest common factor of 9184 and 1257312?
224
Calculate the greatest common divisor of 21 and 248245746.
21
What is the highest common factor of 7920 and 901048896?
1584
What is the greatest common factor of 608 and 7840692?
76
Calculate the greatest common divisor of 140 and 105820540.
140
Calculate the highest common factor of 125 and 13441750.
125
Calculate the greatest common divisor of 23 and 2298408.
1
Calculate the highest common divisor of 70349 and 20005753.
683
Calculate the highest common divisor of 18424 and 8476168.
376
Calculate the highest common factor of 388549 and 3431986.
1181
Calculate the greatest common factor of 2632916 and 2860.
572
What is the greatest common factor of 284276850 and 11484?
1914
What is the greatest common divisor of 85209131 and 39818?
463
What is the highest common divisor of 2602 and 139663651?
1301
What is the greatest common divisor of 20832 and 661416?
5208
What is the highest common divisor of 34069992 and 13756?
724
What is the greatest common divisor of 9337739 and 406?
29
Calculate the greatest common divisor of 6167 and 5219044.
881
What is the highest common divisor of 80 and 211000280?
40
Calculate the highest common factor of 104 and 3449225.
13
What is the highest common factor of 27838975 and 40275?
4475
What is the greatest common factor of 4550 and 87887150?
650
Calculate the greatest common divisor of 1509254686 and 4474.
4474
What is the greatest common divisor of 3760 and 4710340?
940
What is the greatest common divisor of 44247322 and 21119?
3017
What is the greatest common factor of 30008 and 39821980?
1364
What is the greatest common divisor of 151426363 and 11?
11
What is the highest common factor of 22338 and 49878?
306
Calculate the highest common divisor of 128 and 1441827136.
64
Calculate the highest common factor of 45034682 and 1001.
77
Calculate the highest common factor of 405720 and 1204.
28
What is the greatest common divisor of 29 and 445088462?
29
What is the highest common divisor of 747 and 46712898?
747
Calculate the highest common factor of 90649056 and 96.
96
Calculate the highest common factor of 3116960 and 3289.
253
Calculate the greatest common factor of 2086412 and 162.
2
What is the highest common factor of 383443872 and 126?
42
Calculate the highest common divisor of 1027088 and 23552.
368
What is the greatest common divisor of 1260378888 and 24?
24
Calculate the greatest common divisor of 32928 and 1788432.
48
What is the greatest common factor of 1290 and 11257140?
30
Calculate the highest common factor of 116436 and 1162872.
372
Calculate the highest common divisor of 10751 and 557596.
13
Calculate the greatest common divisor of 160224 and 647328.
96
Calculate the highest common factor of 15 and 22796925.
15
What is the highest common factor of 544566 and 22803088?
4906
What is the greatest common divisor of 6391420 and 37275?
2485
Calculate the highest common divisor of 58916 and 60359.
13
What is the highest common factor of 1010 and 500489340?
1010
Calculate the greatest common factor of 4453 and 857823.
73
Calculate the highest common factor of 194972 and 176.
4
What is the greatest common divisor of 5188 and 77129996?
5188
What is the highest common factor of 110 and 18755210?
10
What is the highest common factor of 124045233 and 273?
39
What is the highest common divisor of 1505 and 376551?
301
What is the greatest common factor of 756 and 132971328?
756
What is the greatest common divisor of 116172452 and 592?
148
What is the greatest common divisor of 48718782 and 7308?
3654
Calculate the highest common factor of 140760 and 27911880.
8280
Calculate the highest common factor of